4?
-12489
In base 4, what is -3001321 - -1021?
-3000300
In base 16, what is -466 + -30?
-496
In base 10, what is -5641 + 9?
-5632
In base 7, what is -30 - -10246?
10216
In base 14, what is 4 - 4c69?
-4c65
In base 2, what is 10 + -1100000010000?
-1100000001110
In base 14, what is -d6 + 910?
818
In base 4, what is -23331 - -103010?
13013
In base 4, what is 1 - -3131223?
3131230
In base 2, what is 110011011010010 + 1110011?
110011101000101
In base 2, what is -111011011 + -1010110110?
-10010010001
In base 14, what is -1ada9 + -5?
-1adb0
In base 5, what is -4 - -441343?
441334
In base 5, what is 144 + -1200?
-1001
In base 8, what is 542 + 223?
765
In base 5, what is -24103 + 2223?
-21330
In base 15, what is 1 + -78ba8?
-78ba7
In base 6, what is 10514 + -5?
10505
In base 16, what is -6 - b745?
-b74b
In base 16, what is -1e - 713?
-731
In base 13, what is -7b086 + 4?
-7b082
In base 8, what is 121756 + 4?
121762
In base 12, what is -1 + -162428?
-162429
In base 6, what is 43551 + 25?
44020
In base 16, what is -21 - -1395?
1374
In base 10, what is -5316811 + 3?
-5316808
In base 4, what is -100 - 2230011?
-2230111
In base 3, what is 10222211212 - -10022?
10222222011
In base 13, what is -934774 - 4?
-934778
In base 4, what is 3230133 + -32?
3230101
In base 12, what is -1012 + 156?
-a78
In base 4, what is -1320121121 + 10?
-1320121111
In base 6, what is 3 + 135541?
135544
In base 15, what is 0 + 7a07?
7a07
In base 8, what is -3 + -1656641?
-1656644
In base 15, what is -2 - -4817?
4815
In base 16, what is -3 - -66f1?
66ee
In base 16, what is cdbd + 33?
cdf0
In base 7, what is 21 - -3256?
3310
In base 14, what is 5 + -6892d?
-68928
In base 4, what is 3 + 22200?
22203
In base 9, what is 31 + 141223?
141254
In base 5, what is 1 + 441032333?
441032334
In base 8, what is -42312 + 40?
-42252
In base 7, what is 2 + 432?
434
In base 6, what is 1 - 1032544?
-1032543
In base 3, what is -12021120201 + -12?
-12021120220
In base 13, what is 17 + -42416?
-423cc
In base 13, what is 0 - -78136?
78136
In base 6, what is 43 - -1153545?
1154032
In base 4, what is 131 + 22013?
22210
In base 11, what is -3432 + -32?
-3464
In base 9, what is 384 + -241?
143
In base 14, what is -6 - -216?
210
In base 3, what is 120 + 111001200?
111002020
In base 6, what is -1221240 - -13?
-1221223
In base 8, what is -220710 + 11?
-220677
In base 16, what is -28418 + 2?
-28416
In base 2, what is 10100010001 + -101?
10100001100
In base 4, what is -21 + 12001010?
12000323
In base 10, what is -436 + 5831?
5395
In base 3, what is -2020112200 + -11?
-2020112211
In base 10, what is -1257 - 31?
-1288
In base 4, what is -13121031 + 102?
-13120323
In base 11, what is -185 - -13?
-172
In base 15, what is 4c - -1361?
13ad
In base 5, what is -4101321 - 1?
-4101322
In base 10, what is -25 + 915?
890
In base 3, what is 10001112 + -122?
10000220
In base 9, what is 1452 - -164?
1626
In base 15, what is 451 + -c8?
378
In base 4, what is 10033 + -110?
3323
In base 14, what is -4 - -263882?
26387c
In base 6, what is 11355131 + 4?
11355135
In base 14, what is -5dc + 1a?
-5c2
In base 8, what is 1603 + 146?
1751
In base 9, what is -1044 + -5868?
-7023
In base 7, what is -346256 + -3?
-346262
In base 10, what is -219079 - 2?
-219081
In base 14, what is 474 - -4b7?
94b
In base 16, what is 394 + -18b?
209
In base 13, what is 1 - 1692a?
-16929
In base 4, what is 11 - 12322212?
-12322201
In base 7, what is -2 + -310252?
-310254
In base 3, what is -2121 - -20122010?
20112112
In base 11, what is 415 + -120?
2a5
In base 7, what is -2 + 100254?
100252
In base 15, what is 3a7 - 99?
30d
In base 8, what is 201 - 17522?
-17321
In base 11, what is -4 + 952370?
952367
In base 2, what is -101111010000111 - -1?
-101111010000110
In base 11, what is 116545 - -6?
116550
In base 7, what is 1022 - 160?
532
In base 14, what is 243c + 1d?
245b
In base 4, what is 1013 - 120100?
-113021
In base 6, what is 12420402 + 25?
12420431
In base 11, what is -197 - -1207?
1020
In base 8, what is -5 + -317237?
-317244
In base 12, what is -5a - 4619?
-4677
In base 6, what is -114431 + 2?
-114425
In base 14, what is a1dd - 4?
a1d9
In base 12, what is 3bbba2 - 0?
3bbba2
In base 13, what is -b + 30632?
30624
In base 12, what is 2706 + -269?
2459
In base 8, what is 2631 + -475?
2134
In base 11, what is -422 - 1935?
-2257
In base 8, what is 165 + -626?
-441
In base 4, what is -11101201 + -11?
-11101212
In base 4, what is -11 - -33230?
33213
In base 9, what is -3 + -241?
-244
In base 11, what is 5 + -19535?
-19530
In base 4, what is -2021131 + 101?
-2021030
In base 6, what is 14214 + -35?
14135
In base 13, what is -5 + 2684?
267c
In base 6, what is -124 - -1203?
1035
In base 4, what is -211023013 - -2?
-211023011
In base 15, what is -4 + 222ed?
222e9
In base 9, what is -15531 + 25?
-15505
In base 7, what is -4 + -52225?
-52232
In base 15, what is 6022 + -5?
601c
In base 13, what is -1c718 - -2?
-1c716
In base 10, what is -628 - 393?
-1021
In base 15, what is -2d8 + -129?
-412
In base 7, what is 10 - 2650?
-2640
In base 15, what is 2 - -10e?
111
In base 11, what is 2 + -437784?
-437782
In base 4, what is 1 + 1123012022?
1123012023
In base 16, what is -2e7 - -2f?
-2b8
In base 14, what is -5b + 318?
29b
In base 2, what is -1 - 111101101001010101111?
-111101101001010110000
In base 9, what is -1837101 - -2?
-1837088
In base 12, what is 2 - 608?
-606
In base 10, what is 0 + -6938?
-6938
In base 13, what is -7 + 1696?
168c
In base 10, what is -51622 + -1?
-51623
In base 7, what is -1 - -31445?
31444
In base 4, what is 122112 + -13002?
103110
In base 9, what is 152330 - -6?
152336
In base 8, what is -2343 + 7360?
5015
In base 8, what is -123575 - -1?
-123574
In base 7, what is 11645 + 446?
12424
In base 12, what is 14b211 + -4?
14b209
In base 13, what is -c63 - 1c?
-c82
In base 10, what is 7 + -2686?
-2679
In base 3, what is -1 - -10021021?
10021020
In base 4, what is 310 - 10002113?
-10001203
In base 8, what is -11071 - 4?
-11075
In base 2, what is -10 - 1011010010010000100?
-1011010010010000110
In base 9, what is -5157 - 1?
-5158
In base 3, what is 1022 - 20000211?
-12222112
In base 8, what is -5 + 2717370?
2717363
In base 12, what is 38 - 3061?
-3025
In base 4, what is -32222313300 - 2?
-32222313302
In base 2, what is -1101001 + -1010100110000?
-1010110011001
In base 4, what is -10020 - -20010?
3330
In base 16, what is -1e23 + 30?
-1df3
In base 16, what is -12 + -4f9a?
-4fac
In base 14, what is -123b8 - -4?
-123b4
In base 2, what is 11 - -111110001000101111?
111110001000110010
In base 12, what is 3ba - 38?
382
In base 9, what is 1085 - 573?
412
In base 5, what is -34014 + -2?
-34021
In base 16, what is -280 + 400?
180
In base 10, what is 1 - 66921?
-66920
In base 15, what is 5a9b + -7?
5a94
In base 4, what is 102232013 + -10?
102232003
In base 5, what is 1130 + 1021?
2201
In base 9, what is -4 - 1585?
-1600
In base 3, what is -20022022 - 20?
-20022112
In base 16, what is -1 + 755?
754
In base 13, what is -24 - -1095a?
10936
In base 7, what is 14241 + -13?
14225
In base 14, what is 5 - 62db9?
-62db4
In base 4, what is -11232332 + 10?
-11232322
In base 13, what is 4 + -996b?
-9967
In base 9, what is 166678 - 1?
166677
In base 15, what is -b + -1ab9?
-1ac5
In base 3, what is 11 - 1122002121120?
-1122002121102
In base 7, what is -11 - -555466?
555455
In base 15, what is b87e - -2?
b881
In base 8, what is -134543 - -2?
-134541
In base 15, what is 360c6 - 4?
360c2
In base 4, what is 313223 - 33?
313130
In base 12, what is 1b90b - -4?
1b913
In base 10, what is -55 + 536?
481
In base 9, what is 17 + -8220?
-8202
In base 10, what is 7 + 4853?
4860
In base 3, what is -11222210100 - -102?
-11222202221
In base 14, what is 0 - -a9a8?
a9a8
In base 9, what is 438215 - 11?
438204
In base 12, what is 7 + 343a7?
343b2
In base 11, what is 713 + -17?
6a7
In base 9, what is -5666 - 33?
-5710
In base 5, what is 10431 + -233?
10143
In base 7, what is -245 - 4354?
-4632
In base 7, what is 6025426 + -10?
6025416
In base 8, what is 4 + -14524?
-14520
In base 10, what is 9999 - -37?
10036
In base 7, what is 422 + -24511?
-24056
In base 5, what is 22 - 11024110?
-11024033
In base 9, what is -37748 - 1?
-37750
In base 6, what is -14031 + -20?
-14051
In base 4, what is -100203023 - -2?
-100